s digit of 2087087262?
2
What is the units digit of 18030634?
4
What is the tens digit of 1240534368?
6
What is the ten thousands digit of 537656291?
5
What is the hundred thousands digit of 495643759?
6
What is the hundred thousands digit of 128227712?
2
What is the hundreds digit of 50991749?
7
What is the ten millions digit of 686355115?
8
What is the units digit of 9544353?
3
What is the ten millions digit of 39912016?
3
What is the millions digit of 1203163431?
3
What is the hundred thousands digit of 110340080?
3
What is the thousands digit of 4035090080?
0
What is the thousands digit of 156696091?
6
What is the hundred thousands digit of 85313989?
3
What is the hundreds digit of 252804725?
7
What is the millions digit of 15224318?
5
What is the hundred thousands digit of 67135370?
1
What is the millions digit of 165439390?
5
What is the hundred millions digit of 1075145048?
0
What is the hundreds digit of 198581746?
7
What is the tens digit of 1805433658?
5
What is the ten millions digit of 4950998168?
5
What is the hundred millions digit of 511769614?
5
What is the units digit of 57800223?
3
What is the ten millions digit of 34017951?
3
What is the ten thousands digit of 3477598194?
9
What is the hundreds digit of 42247116?
1
What is the ten millions digit of 1731880000?
3
What is the hundred thousands digit of 37076383?
0
What is the tens digit of 5393201076?
7
What is the millions digit of 1910720?
1
What is the units digit of 48055032?
2
What is the ten thousands digit of 182725753?
2
What is the thousands digit of 85275948?
5
What is the millions digit of 5127136?
5
What is the hundreds digit of 1459061155?
1
What is the units digit of 143053194?
4
What is the ten millions digit of 112440130?
1
What is the hundred thousands digit of 132173412?
1
What is the hundred millions digit of 1549967755?
5
What is the ten millions digit of 4251203832?
5
What is the hundred thousands digit of 5998769?
9
What is the tens digit of 86827467?
6
What is the ten thousands digit of 30260523?
6
What is the thousands digit of 19564436?
4
What is the hundred thousands digit of 208680596?
6
What is the hundred thousands digit of 40211354?
2
What is the hundred millions digit of 5183007622?
1
What is the thousands digit of 70601545?
1
What is the millions digit of 92975937?
2
What is the hundred thousands digit of 205755284?
7
What is the units digit of 611132388?
8
What is the hundreds digit of 45112169?
1
What is the tens digit of 943437988?
8
What is the hundreds digit of 887319936?
9
What is the millions digit of 994045801?
4
What is the hundred thousands digit of 10258973?
2
What is the hundreds digit of 1009579432?
4
What is the ten millions digit of 228371010?
2
What is the thousands digit of 1140382133?
2
What is the units digit of 40201715?
5
What is the millions digit of 4343146044?
3
What is the hundred thousands digit of 1991770744?
7
What is the hundred thousands digit of 21385356?
3
What is the ten thousands digit of 964317824?
1
What is the tens digit of 61774408?
0
What is the hundreds digit of 2315292594?
5
What is the ten thousands digit of 4983839556?
3
What is the thousands digit of 134746939?
6
What is the tens digit of 144959865?
6
What is the tens digit of 169772050?
5
What is the millions digit of 120705885?
0
What is the units digit of 1023604727?
7
What is the hundreds digit of 6236837657?
6
What is the billions digit of 2872849543?
2
What is the tens digit of 340714512?
1
What is the hundreds digit of 334118507?
5
What is the ten millions digit of 11660287?
1
What is the thousands digit of 3696483367?
3
What is the thousands digit of 18344429?
4
What is the thousands digit of 493174100?
4
What is the hundred millions digit of 225392692?
2
What is the billions digit of 2020618008?
2
What is the billions digit of 1469005980?
1
What is the units digit of 114700621?
1
What is the units digit of 70403762?
2
What is the units digit of 30210195?
5
What is the ten millions digit of 115421411?
1
What is the ten millions digit of 4375470435?
7
What is the thousands digit of 2404504397?
4
What is the hundred thousands digit of 88609336?
6
What is the tens digit of 185957710?
1
What is the tens digit of 4957253806?
0
What is the hundreds digit of 144252041?
0
What is the hundreds digit of 448830524?
5
What is the thousands digit of 85761160?
1
What is the millions digit of 2190296552?
0
What is the hundreds digit of 249279496?
4
What is the tens digit of 2013417585?
8
What is the hundred millions digit of 2431664581?
4
What is the tens digit of 130089997?
9
What is the thousands digit of 385366459?
6
What is the millions digit of 166841081?
6
What is the thousands digit of 59212857?
2
What is the millions digit of 42890777?
2
What is the thousands digit of 190838745?
8
What is the billions digit of 3340211412?
3
What is the hundred millions digit of 116554414?
1
What is the hundred thousands digit of 189712060?
7
What is the thousands digit of 1184021138?
1
What is the ten thousands digit of 107346736?
4
What is the billions digit of 2495014929?
2
What is the hundred thousands digit of 182469570?
4
What is the units digit of 1443382728?
8
What is the thousands digit of 29312187?
2
What is the hundreds digit of 21724071?
0
What is the thousands digit of 36379546?
9
What is the thousands digit of 818598064?
8
What is the hundred thousands digit of 44225451?
2
What is the tens digit of 35680335?
3
What is the thousands digit of 21233903?
3
What is the units digit of 2771818998?
8
What is the hundred thousands digit of 150422960?
4
What is the hundred millions digit of 3055086517?
0
What is the thousands digit of 253473394?
3
What is the hundred millions digit of 1795072688?
7
What is the ten millions digit of 992457122?
9
What is the units digit of 80832132?
2
What is the tens digit of 2590191729?
2
What is the ten millions digit of 4900805912?
0
What is the millions digit of 385758150?
5
What is the ten thousands digit of 320252113?
5
What is the thousands digit of 215675472?
5
What is the ten thousands digit of 8820105425?
0
What is the tens digit of 682408941?
4
What is the ten millions digit of 1182559674?
8
What is the thousands digit of 2582980993?
0
What is the hundred thousands digit of 207057757?
0
What is the billions digit of 3579155218?
3
What is the tens digit of 16805527?
2
What is the millions digit of 417025380?
7
What is the hundred millions digit of 2382607336?
3
What is the units digit of 22601684?
4
What is the units digit of 4342468886?
6
What is the millions digit of 446822655?
6
What is the hundred thousands digit of 883947567?
9
What is the units digit of 2213692471?
1
What is the hundred millions digit of 1052236314?
0
What is the tens digit of 243393090?
9
What is the millions digit of 5185896?
5
What is the units digit of 67472538?
8
What is the tens digit of 178605783?
8
What is the hundred thousands digit of 790444922?
4
What is the ten thousands digit of 194450226?
5
What is the thousands digit of 34735767?
5
What is the tens digit of 24368769?
6
What is the tens digit of 129302778?
7
What is the hundred thousands digit of 620536497?
5
What is the hundred thousands digit of 640505867?
5
What is the tens digit of 4261880283?
8
What is the hundred thousands digit of 236002565?
0
What is the ten thousands digit of 1397721?
9
What is the ten millions digit of 71792113?
7
What is the hundred thousands digit of 17117457?
1
What is the hundred millions digit of 2673776991?
6
What is the ten millions digit of 31783922?
3
What is the tens digit of 224561272?
7
What is the hundred thousands digit of 177013280?
0
What is the billions digit of 6174295727?
6
What is the ten thousands digit of 85638312?
3
What is the tens digit of 752201518?
1
What is the ten millions digit of 45428220?
4
What is the hundred millions digit of 6580358743?
5
What is the thousands digit of 36115655?
5
What is the hundred thousands digit of 461006793?
0
What is the thousands digit of 143961856?
1
What is the ten millions digit of 201892194?
0
What is the units digit of 199378605?
5
What is the millions digit of 1848860816?
8
What is the thousands digit of 654602775?
2
What is the thousands digit of 2937174549?
4
What is the hundred thousands 